1 + -442?
-443
In base 9, what is 1511 + 2?
1513
In base 15, what is -4 - -26?
22
In base 3, what is 1021 - -1021?
2112
In base 2, what is 11101111001 + -11?
11101110110
In base 14, what is 9 - -46?
51
In base 9, what is 345 - -23?
368
In base 14, what is -b6 + -1?
-b7
In base 9, what is 73 - -22?
105
In base 13, what is 5 + 4?
9
In base 10, what is -29 + -1?
-30
In base 12, what is 55 - -3?
58
In base 8, what is 2 + 12?
14
In base 15, what is 2 - -29?
2b
In base 10, what is 254 - 3?
251
In base 5, what is -1004 - -340?
-114
In base 13, what is 136 + -5?
131
In base 2, what is -10100 + -10010?
-100110
In base 12, what is 7 + -79?
-72
In base 14, what is 2 - -98b?
98d
In base 16, what is -127 + 5?
-122
In base 3, what is -11020 - 1?
-11021
In base 13, what is 2 - 103b?
-1039
In base 16, what is -4 + -50a?
-50e
In base 7, what is 11 + -5?
3
In base 3, what is -2 - -11001?
10222
In base 8, what is 10 + 174?
204
In base 9, what is -4 - -3051?
3046
In base 8, what is 2 - 2320?
-2316
In base 3, what is -212 + 1020?
101
In base 10, what is -41 - 4?
-45
In base 4, what is 0 + 311?
311
In base 7, what is -431 - 13?
-444
In base 9, what is -13 + -37?
-51
In base 8, what is 0 - 556?
-556
In base 2, what is 1111 - -10101?
100100
In base 10, what is -110 + -4?
-114
In base 10, what is -4 + 96?
92
In base 10, what is 4 + -340?
-336
In base 9, what is 15 - 1314?
-1288
In base 12, what is 121 + -44?
99
In base 12, what is 916 - 0?
916
In base 16, what is d - -d6?
e3
In base 11, what is 13423 - 4?
1341a
In base 16, what is -3 - 19?
-1c
In base 9, what is -1705 + 15?
-1680
In base 9, what is -13610 + 2?
-13607
In base 8, what is 6 + 11267?
11275
In base 2, what is 11000 + 100?
11100
In base 12, what is 9 - -295?
2a2
In base 8, what is -223 - -2?
-221
In base 9, what is -5 + 3208?
3203
In base 6, what is 4344 + -3?
4341
In base 10, what is 76 + 5?
81
In base 3, what is 11 + 2101?
2112
In base 14, what is -1 + 72?
71
In base 16, what is 4b + -4?
47
In base 15, what is -b - 2?
-d
In base 6, what is 1500 - 3?
1453
In base 6, what is 0 - 2052?
-2052
In base 3, what is 0 + -112?
-112
In base 4, what is 10120 + 1?
10121
In base 5, what is 14 - 1234?
-1220
In base 7, what is 0 - 415?
-415
In base 8, what is -2367 + -1?
-2370
In base 14, what is -125 + -3?
-128
In base 12, what is 6 + -87?
-81
In base 6, what is -10445 + -1?
-10450
In base 6, what is -3 - -1520?
1513
In base 5, what is 0 + -33?
-33
In base 3, what is 11212 + 1102?
20021
In base 14, what is -743 - -5?
-73c
In base 9, what is 1 + 40?
41
In base 3, what is 112 - 102020?
-101201
In base 9, what is 21 + -116?
-85
In base 4, what is -2220 + 2?
-2212
In base 5, what is 2223 + -10?
2213
In base 3, what is 102121 - -10?
102201
In base 13, what is 1 + -347?
-346
In base 10, what is -356 - -2?
-354
In base 8, what is 16 - 55?
-37
In base 6, what is -5450 - -5?
-5441
In base 13, what is 18c + -5?
187
In base 7, what is -540 - 0?
-540
In base 14, what is -333 + -3?
-336
In base 7, what is -12 + -441?
-453
In base 16, what is -3 + 18e6?
18e3
In base 9, what is 453 + -4?
448
In base 16, what is -2 + 30?
2e
In base 2, what is 110 - 1100010?
-1011100
In base 5, what is 2 - -13?
20
In base 4, what is 2031 - 22?
2003
In base 2, what is 11110110 - 101?
11110001
In base 13, what is -11 + b?
-3
In base 2, what is 10111010001 - 111?
10111001010
In base 2, what is -1 + 1111?
1110
In base 5, what is -1104 - -4?
-1100
In base 2, what is -100011110101 - 1?
-100011110110
In base 11, what is 34 - 6?
29
In base 3, what is -12 + -11020100?
-11020112
In base 8, what is 2164 - -4?
2170
In base 6, what is -4 - 11425?
-11433
In base 4, what is 131 - -1220?
2011
In base 11, what is -5 - -92?
88
In base 15, what is 91c + c?
929
In base 11, what is 7 + 10?
17
In base 6, what is -5 - -13510?
13501
In base 16, what is -9 + -7?
-10
In base 16, what is -e5d - 4?
-e61
In base 11, what is aa - a?
a0
In base 7, what is 12 + -20?
-5
In base 5, what is -1003 - 1324?
-2332
In base 16, what is -2 + ad5?
ad3
In base 15, what is 24 + 1?
25
In base 15, what is -5 - -198e?
1989
In base 16, what is -182 - a?
-18c
In base 16, what is -82 - -4?
-7e
In base 4, what is -3 - -10102?
10033
In base 6, what is 41 + -21?
20
In base 11, what is -591 + 4?
-588
In base 4, what is -111101 + -2?
-111103
In base 10, what is 2 + 73?
75
In base 8, what is -314 + 20?
-274
In base 8, what is 107 - -36?
145
In base 16, what is -1 + -33?
-34
In base 5, what is 3222 + 1?
3223
In base 10, what is 2905 + -3?
2902
In base 16, what is 5b + -17?
44
In base 4, what is -121120 - -3?
-121111
In base 7, what is -33 - 13?
-46
In base 15, what is -3 + 14?
11
In base 15, what is -232 - 1?
-233
In base 6, what is 1 + -51?
-50
In base 11, what is 0 + 395?
395
In base 11, what is 3 - 646?
-643
In base 3, what is 122 - -1011?
1210
In base 16, what is 5b - -17?
72
In base 4, what is -1200 - 11?
-1211
In base 9, what is 2 - -2400?
2402
In base 15, what is 2 - -36a?
36c
In base 14, what is 717 - -1?
718
In base 2, what is -1 - -1010?
1001
In base 7, what is 20 + 1650?
2000
In base 13, what is 1 + 225?
226
In base 5, what is -314 + -3?
-322
In base 5, what is 3 - 1321?
-1313
In base 5, what is 33112 - 3?
33104
In base 13, what is -8 + -71?
-79
In base 9, what is 1855 + -5?
1850
In base 14, what is -5 - 32?
-37
In base 10, what is 2385 - 9?
2376
In base 15, what is 11 - 1bc?
-1ab
In base 16, what is 5 - 0?
5
In base 14, what is 836 + -1?
835
In base 9, what is -124 + 30?
-84
In base 12, what is 1691 + 8?
1699
In base 16, what is 5 - -8a?
8f
In base 11, what is -1 + -133?
-134
In base 11, what is 0 + -1041?
-1041
In base 11, what is -1 - -12?
11
In base 2, what is -10 + 110011010?
110011000
In base 14, what is 4 + -d5?
-d1
In base 9, what is 1 + -748?
-747
In base 5, what is -104330 + -10?
-104340
In base 6, what is -5 + -24004?
-24013
In base 6, what is 105443 + 3?
105450
In base 3, what is -12011 + 22?
-11212
In base 15, what is 0 + -35?
-35
In base 11, what is -51 - -3?
-49
In base 8, what is 316 - 2?
314
In base 9, what is 4 - 18?
-14
In base 5, what is -12 + -22?
-34
In base 7, what is 2310 + 2?
2312
In base 16, what is 2 - -11?
13
In base 10, what is 14 - 8?
6
In base 2, what is -10001 + 1000100?
110011
In base 6, what is -5 + 14543?
14534
In base 10, what is 0 - -175?
175
In base 5, what is 2 - 0?
2
In base 11, what is -81 - -1?
-80
In base 11, what is -125 + -11?
-136
In base 7, what is 106 - -1416?
1525
In base 3, what is -12 + 20211?
20122
In base 6, what is 4 - -12?
20
In base 11, what is 5 - 1813?
-1809
In base 15, what is -3 - -15?
12
In base 5, what is 440 - 12?
423
In base 16, what is 2ea - -1?
2eb
In base 15, what is 8 - 8?
0
In base 12, what is 6 - -10?
16
In base 6, what is 1 + -1415?
-1414
In base 7, what is 20 + -6?
11
In base 6, what is 4 - 1320?
-1312
In base 2, what is 11 + 1011010101?
1011011000
In base 3, what is 2001 - 20102?
-11101
In base 5, what is 2110 + -10?
2100
In base 12, what is -135 - -3?
-132
In base 14, what is 2456 + -1?
2455
In base 5, what is -2124 - 4?
-2133
In base 13, what is 13 + -3a4?
-391
In base 11, what is -290 - 2?
-292
In base 7, what is -15 - -1543?
1525
In base 10, what is 191 - 1?
190
In base 6, what is -305 - 5?
-314
In base 10, what is 5 + 1729?
1734
In base 15, what is -3a8 - -3?
-3a5
In base 12, what is -21a - 0?
-21a
In base 6, what is -31 + 233?
202
In base 8, what is 753 + 0?
753
In base 6, what is -313 - -202?
-111
In base 14, what is -4b7 + -5?
-4bc
In base 9, what is 275 - -236?
522
In base 7, what is 30 + 355?
415
In base 3, what is 111 - -101?
212
In base 8, what is -2 - -217?
215
In base 11, what is 110 + 8?
118
In base 4, what is -121311 + 1?
-121310
In base 11, what is 1664 + -1?
1663
In base 4, what is 12 - 231022?
-231010
In base 5, what is -1123 + 2?
-1121
In base 3, what is 1220 + 10?
2000
In base 14, what is 5 - 1a0?
-199
In base 11, what is -693 - 0?
-693
In base 3, what is -2120220 - -11?
-2120202
In base 3, what is 112102 - 22?
112010
In base 3, what is -1110 - 210?
-2020
In base 16, what is -5d - -d?
-50
In base 12, what is 162 - -2?
164
In base 9, what is -285 + -8?
-304
In base 9, what is 58 + 205?
264
In base 9, what is -38 + -6?
-45
In base 5, what is -234 + -113?
-402
In base 8, what is -233 + 4?
-227
In base 15,